3 + 8). Let i be ((-20)/(-25) - 0)*a. Calculate the greatest common divisor of i and l.
1
Let z(v) = -13*v - 16. Let w be (6/1)/1*88/(-66). Let c be z(w). Let p be (18/(-4))/((-6)/c). What is the highest common divisor of p and 99?
33
Suppose 4*x + 79 = 3*f, 0 = -0*f - 4*f + x + 101. Let p = -124 + 143. Let j be 5*4*-1*p/(-38). Calculate the greatest common divisor of j and f.
5
Let o = 5412 + 1855. Calculate the highest common factor of 117 and o.
13
Let y(w) = 3*w - 97. Let c be y(39). Suppose 2*u + 240 = 4*u. What is the greatest common factor of u and c?
20
Let f be -4 + (4 + -2 - 14)/(3/(-134)). Calculate the highest common divisor of f and 182.
14
Let l(m) = -1160*m + 1. Let d be l(-1). Suppose 2205 - 23454 = -787*p. Calculate the greatest common divisor of p and d.
27
Suppose 5*a + 5*u - 9*u = -60, -60 = 5*a - 2*u. Let s be ((-2)/3)/((-1)/3). Let c be 27 - (a/3)/s. What is the greatest common divisor of 116 and c?
29
Let t = -620 - -680. What is the highest common divisor of 1128 and t?
12
Let n be (15 - -5)*-12*-1. Let b = n - 136. What is the highest common divisor of 260 and b?
52
Suppose -748*x + 1385 = -745*x - 2*s, 5*x - 5*s - 2315 = 0. Calculate the highest common factor of 135 and x.
27
Let g(m) = -m**3 + 6*m**2 + 15*m - 6. Let q be g(3). What is the highest common divisor of 22 and q?
22
Suppose -132*b + 230310 = -105*b. What is the greatest common factor of 10 and b?
10
Let y be -442*(-15)/2*34/51. Calculate the greatest common factor of y and 26.
26
Let m(f) = -f**3 + 23*f**2 + 270*f - 18. Let h be m(-9). Calculate the highest common divisor of 27 and h.
9
Let c be (-11538)/(-66) - 1/((-22)/4). Suppose 0 = -3*f + 6*f - 21. Calculate the greatest common divisor of f and c.
7
Let l(b) = 10*b**2 - 7. Let q be l(-6). Let z = q + -329. Calculate the greatest common factor of 408 and z.
24
Suppose -88*o = -220*o + 112*o + 73100. What is the highest common factor of o and 255?
85
Suppose -3*d - 15 = 0, 4*j - 8 - 2 = -2*d. Let y(p) = 17*p**2 - 75*p + 1. Let h be y(j). What is the greatest common factor of h and 85?
17
Let i(b) = -52*b - 3010. Let k be i(-58). What is the greatest common divisor of 3825 and k?
3
Let x = 3 - 12. Let m(r) = 7*r + 119. Let k be m(x). What is the greatest common divisor of k and 14?
14
Let b be (7 - -5)*10/(-6). Let l(v) = v + 68. Let i be l(b). Suppose 32 = -4*q + i. Calculate the highest common divisor of q and 4.
4
Let h(g) = -g**3 + 11*g**2 - 5*g - 6. Let x(d) = d**3 + 6*d**2 + 4*d - 2. Let f be x(-5). Let m be h(f). What is the highest common divisor of m and 102?
51
Let f(a) = -83*a - 375. Let u be f(-7). Calculate the highest common divisor of u and 8.
2
Let d(t) = 18*t - 9. Let z be d(6). Let w = -7027 + 7030. Calculate the highest common factor of z and w.
3
Let m(l) = -487*l - 2768. Let z be m(-27). Calculate the greatest common factor of 7 and z.
7
Suppose -182*x + 20300 = -37*x. Let t(i) = 2*i**3 - 9*i**2 - 11*i + 7. Let z be t(7). Calculate the highest common divisor of z and x.
35
Let u = 6376 + -6311. What is the highest common divisor of 245 and u?
5
Let x = -1253 + 1393. Let d be (-6)/(-2) + -3 + 35. What is the greatest common divisor of d and x?
35
Suppose -42*n - 46*n - 7504 = -102*n. Calculate the greatest common factor of 8 and n.
8
Let x(h) = 2*h**2 - 182*h - 934. Let g be x(-5). What is the highest common factor of g and 2314?
26
Let z = 1 + 30. Suppose 2*f = x + z, -3*f + 85 = -4*x - 8*f. Let r = x + 26. Calculate the greatest common factor of r and 2.
1
Let y(r) be the third derivative of r**4/6 + 14*r**3 + r**2 - 2. Let p be y(-12). What is the highest common divisor of 48 and p?
12
Let f = 331 - 325. Suppose f*a = -30*a + 720. What is the greatest common factor of 28 and a?
4
Suppose -2*l - 10*o + 3482 = -6*o, -5*l + 4*o = -8803. What is the highest common divisor of 65 and l?
65
Let d be 1 + (-8)/(-2) + (-165)/(-5). Suppose -3*s + 2*k + 1480 = 0, -17*k - 2472 = -5*s - 19*k. What is the greatest common divisor of s and d?
38
Let n = 43 + -42. Let q be n + -1 + -3 - (2 + -6). Let b(o) = 13*o + 2. Let y be b(q). What is the highest common divisor of y and 30?
15
Suppose -14*f - 3*l = -11*f + 396, -3 = -3*l. Let v = 136 + f. Let c be (-27)/18*(-2)/v - -2. What is the highest common divisor of 6 and c?
3
Let l be (((-962)/78)/(-37))/(2*1/234). Let g(r) = r**3 - 8*r**2 + 12*r - 5. Let o be g(8). What is the highest common divisor of o and l?
13
Suppose 6*o + 24*o = 8393 + 3217. What is the greatest common divisor of 135 and o?
9
Let l be (-3)/(-2)*9/((-162)/(-192)). Let d(q) = -4*q + 75. Let c be d(l). What is the greatest common divisor of 77 and c?
11
Let x be (2 - (-45)/(-5)) + 14. Let l be (-14)/6*(-7 + (-370 - x)). Calculate the highest common divisor of l and 7.
7
Let r(m) = -m**2 + 20*m + 158. Let z be r(26). Let q be (z + 0)*(-98)/(-28). Calculate the greatest common factor of 77 and q.
7
Suppose -41 - 391 = -2*g. Suppose -3*j = t - 8*j + 6, -5*j + 3 = 2*t. Let i = 26 - t. What is the greatest common factor of g and i?
27
Let o be 0 + 11 + (-1 - -3). Let k(d) = d**2 - 25*d - 105. Let f be k(30). Let y be (-109)/(-2) - 1 - f/30. Calculate the highest common divisor of o and y.
13
Suppose 49*d + 1711 = 5533. What is the highest common factor of 1209 and d?
39
Let o = 41685 - 41333. What is the highest common factor of o and 84128?
352
Let f(b) = b**2 + 35*b - 121. Let w be f(6). Calculate the highest common divisor of w and 475.
25
Suppose 28*q = -54*q + 891060 - 85902. What is the highest common divisor of q and 18?
9
Let l be (-10)/3*-9 - (0 + 3). Let y be (3/(-6))/(l/(-35478)). What is the highest common factor of 18 and y?
9
Suppose 94*l - 40788 = 19*l - 131*l. Calculate the greatest common factor of l and 1650.
66
Suppose 16*v = 9*v + 21. Let i(w) = w**3 - 2*w**2 + 2*w + 2. Let x be i(v). Suppose -19 = -2*t + x. Calculate the greatest common factor of t and 54.
18
Suppose -4*t + 3*v = -6, -10 = 5*t + v + 4*v. Suppose 0*m + m - 264 = -4*k, t = k + 3*m - 77. What is the greatest common factor of k and 715?
65
Let s = 101 - 341. Let k = -201 - s. Calculate the greatest common divisor of k and 3.
3
Let y = 1 + 59. Let u be (-1304)/(-17604) - (-12956)/54. What is the greatest common divisor of y and u?
60
Let h = -38 - -44. Let l(p) = p**3 - 14*p**2 - 2*p + 16. Let w be l(14). Let i be 470/6 + 4/w. Calculate the greatest common factor of i and h.
6
Let i = -189 + 267. Suppose 14*n - 8*n = i. Calculate the highest common divisor of 1573 and n.
13
Suppose 703 + 2025 = -11*q. Let d = -133 - q. Calculate the highest common divisor of 46 and d.
23
Suppose 0 = -2*b - 2*c, 4*c = 346*b - 342*b - 32. What is the highest common divisor of 718 and b?
2
Let z be (-16 - -23) + (-3 - 334). Let f be (z/20)/(9/(-246)). What is the greatest common factor of f and 41?
41
Let v be (3 + (-23)/3)*(-10374)/266. Suppose 0 = -u - 2 + 28. What is the highest common divisor of v and u?
26
Suppose -19*z + 303 = -1578 - 855. Calculate the greatest common factor of 744 and z.
24
Let x(i) = -185*i - 47. Let u be x(-3). Let h = u + -382. Calculate the highest common factor of 14 and h.
14
Suppose -16*w = -3*f - 11*w + 1725, -583 = -f + 3*w. What is the highest common divisor of 1582 and f?
113
Let p = 428 + -305. Let u = p + -93. Calculate the greatest common divisor of u and 20.
10
Let o(f) = -f**2 - 10*f + 26. Let v be o(-11). What is the highest common factor of v and 6465?
15
Let m be 10*(736/(-80) - (-3 - 88/8)). Suppose 657 = 4*w - 431. Calculate the greatest common factor of m and w.
16
Let m(f) = 97*f + 16. Let z be m(-4). Let x = -228 - z. Suppose 3*l - 96 = 2*l. Calculate the greatest common factor of x and l.
48
Let o be (-12)/9*(-276)/(-2). Let k(v) = 16*v + 25. Let c be k(-8). Let g = c - o. What is the highest common factor of g and 9?
9
Let t be -4 - -1*(-2)/(-4)*4. Let f = 5 + t. Let l be -2 + -4*-2*(-1 + f). What is the greatest common factor of 14 and l?
14
Let l = 49 + -35. Let k = 13 - l. Let i be 381/18 - k/(-6). What is the greatest common factor of 84 and i?
21
Let z = -22 + 23. Let q be ((-28)/(-16))/(z/8). Suppose 0 = -q*b + 16*b - 20. Calculate the highest common divisor of b and 110.
10
Let r = 18 - -3. Let c be (2050 + -76)*18/36. Calculate the greatest common factor of c an